s the units digit of (-2 - 0)/((-2)/56)?
6
Let l(t) = 2*t**2 - 3*t + 1. Suppose -v + 18 = 2*v. Let r be l(v). Suppose -3*u = -8*u + r. What is the tens digit of u?
1
Let f = -6 - -30. Suppose -f = -3*t + 21. What is the units digit of t?
5
Suppose -5*y + 0*x + 3*x - 1 = 0, 5*x - 13 = -3*y. What is the units digit of -2 + y - (-6 + -3)?
8
Let j(h) = 2*h - 4. Let a be j(4). Suppose 0*b - t - 113 = -4*b, 0 = -2*b + a*t + 46. What is the units digit of b?
9
Let c = -12 + 18. What is the tens digit of 124/c*(-42)/(-28)?
3
Let w be (3 + 0 + -3)/2. Let j be 2 + 0 + (-2 - w). Suppose j = 3*l + l - 56. What is the units digit of l?
4
Suppose -2*a - 4 + 0 = 0. Let g(c) = c + 1. Let q(p) = p + 5. Let l(v) = -4*g(v) + q(v). What is the units digit of l(a)?
7
Let y(r) = 6*r**2 + 2*r + r - 2*r - 2 - r**2. What is the tens digit of y(-2)?
1
Let u(v) = v**3 + 6*v**2 + 3*v + 3. Let k be u(-5). Let w = k + -8. Suppose -s + w = 4*l, -s - 4*s = -5. What is the units digit of l?
1
Suppose 4 = -0*x + 2*x. Let g be x/((-2)/(-7)) + -2. Suppose -2*d + 22 - 3 = -5*u, 4*d + 7 = -g*u. What is the units digit of d?
2
Suppose -y = -x - 15, -4 + 1 = -y - 3*x. What is the tens digit of y?
1
Let i(s) = -2*s. Let g be i(-3). Let m be g/(-9) - (-8)/3. Suppose 3*u - 10 = -m*u. What is the units digit of u?
2
Let h(o) = -o + 4. What is the units digit of h(3)?
1
Let u(b) = b**2 + 3*b + 1. Let a be u(-4). Suppose 5*l - 3*m - 10 = -2*m, -3*m + 10 = a*l. What is the units digit of l?
2
Let v = 20 - -80. What is the tens digit of v?
0
Let o(h) be the second derivative of -h**3/6 - h. Let k be 2/5 - 17/5. What is the units digit of o(k)?
3
Suppose -38 = -8*p + 114. What is the tens digit of p?
1
Let l be 46 - 10 - 1*3. What is the units digit of (-4)/(-4)*(1 + l)?
4
Let n(w) = -3*w + 1. Let q(c) = -c. Let d(p) = n(p) + 2*q(p). Let a be d(-3). Suppose z + 5 = a. What is the tens digit of z?
1
Let i(s) = 8*s**2 - s + 8. What is the hundreds digit of i(-4)?
1
Let t = -16 - -61. What is the units digit of t?
5
Suppose -20*j = -16*j - 720. What is the tens digit of j?
8
Suppose 0 = 16*w - 10*w - 132. What is the tens digit of w?
2
Let l(c) be the first derivative of -2*c**3/3 - c**2/2 + 2*c - 1. Let x(q) = -2*q**2 - 2*q + 2. Let g(o) = -6*l(o) + 5*x(o). What is the tens digit of g(4)?
1
Let l = 52 - 28. What is the units digit of l?
4
Suppose -2*l + 547 = -65. What is the units digit of l?
6
Let r(h) = -7*h. What is the tens digit of r(-5)?
3
Let d = -10 + 43. What is the units digit of d?
3
Suppose -3*k + 4*k - 4 = 0. Let f = k + -2. What is the units digit of f?
2
Suppose i - 3*i - 30 = 0. Let k = 28 + i. What is the tens digit of k?
1
Let p(w) = -3*w**2 - 17*w + 16. Let c(g) = 2*g**2 + 9*g - 8. Let s(q) = 5*c(q) + 3*p(q). What is the units digit of s(6)?
8
Suppose 3 = -3*z + 6. Let c be 3*(z - (-14)/6). Suppose -44 = -4*d + 2*r, 4*r + c + 6 = 0. What is the units digit of d?
9
Let h = -26 - -16. What is the units digit of (-4)/10 + (-24)/h?
2
Let q = -3 - -29. What is the tens digit of q?
2
What is the tens digit of 3/(-15) - (-302)/10?
3
Let q be ((-3)/2)/(3/(-42)). Suppose q + 24 = 3*c. What is the tens digit of c?
1
Let w be (9/15)/(4/(-20)). What is the units digit of -9*(w - (-2)/1)?
9
Suppose 0 = -3*x + 3*z + 1020, -12 = -23*z + 20*z. What is the hundreds digit of x?
3
Let m = 13 + -10. Suppose -4*r + 0*w - m*w + 26 = 0, -9 = -3*r + 3*w. What is the units digit of r?
5
Let f(y) = 2*y - 1. Let g be f(3). Let r(h) be the second derivative of -h**4/12 + h**3 - h**2/2 + 4*h. What is the units digit of r(g)?
4
Let y(o) = -o - 9. Let k be y(-10). What is the units digit of (-3 - k)/(-2) + 0?
2
Let s be (-2)/(-6) + (-58)/(-6). Let n = 1 + s. What is the units digit of n?
1
Suppose 3*l = -0*g - 5*g + 23, -l - 4*g = -10. What is the units digit of -1 + (l - (1 + -4))?
8
Suppose 3*i - 180 = -i. Suppose -5*t = -t + w - i, 3*w + 52 = 5*t. What is the units digit of t?
1
Let k(g) = -g**3 - 3*g**2 - g - 1. Let t be k(-3). What is the units digit of 3 - (t + (3 - 6))?
4
Let r(b) = -6*b. What is the units digit of r(-9)?
4
Let v(b) = -b**2 + 6*b. Let c(m) = -m**3 - 4*m**2 - 3*m - 6. Let s be c(-4). Let n be v(s). Suppose -5*o + 0*o + 5 = n. What is the units digit of o?
1
Suppose 2*i = -i + 9. Let a(w) = -5 + i + 1 + 3*w - 4. What is the units digit of a(6)?
3
Let n be (10/4)/((-4)/(-8)). Suppose 9*c - n*c - 16 = 0. Suppose c*d - 62 + 6 = 0. What is the tens digit of d?
1
Let z(o) = 4*o + 3. Let q be (11 + 0)/(2/(-2)). Let g = q + 14. What is the units digit of z(g)?
5
Suppose d = 2*f - 17, f + 10 = 3*f. What is the tens digit of (3/(-1))/(1/d)?
2
What is the tens digit of (-50)/((-4)/12*2)?
7
Let w(x) = -x**3 - 6*x**2 - 5*x + 3. Let a be w(-5). Suppose -8 = h - a. What is the units digit of (0 + 14)/((-10)/h)?
7
Let a = -11 - -16. Suppose -2*d - f + 45 = 2*f, a*d = -4*f + 102. What is the tens digit of d?
1
Suppose -169 = -p - 12*p. What is the tens digit of p?
1
Let t(i) be the third derivative of i**4/12 - 2*i**3/3 - 5*i**2. Let s(v) = -5*v + 9. Let c(b) = 3*s(b) + 7*t(b). What is the units digit of c(-10)?
9
Let w = -16 - -18. What is the units digit of w?
2
Let z(t) = -11*t**2 + 8*t + 5. Let k be z(-7). What is the tens digit of k/(-20) - (-2)/(-4)?
2
Let d(l) = -l**3 + l**2 - 1. Let x be d(-1). Let c be 1/(1/(16 + x)). Let y = c - 7. What is the units digit of y?
0
Let r(y) = 67*y**3 + 5*y**2 - 5*y - 2. Let v(b) = -33*b**3 - 2*b**2 + 2*b + 1. Let w(g) = -2*r(g) - 5*v(g). What is the tens digit of w(1)?
3
Let o = 448 - 302. What is the tens digit of o?
4
Let v = 8 + 56. Let c = -45 + v. Let l = -6 + c. What is the units digit of l?
3
Let b be (18/10)/(3/10). Suppose -4*t - 4*n - 44 = 0, b*n = 3*t + 4*n + 23. Let m = -7 - t. What is the units digit of m?
2
Let k = -5 + 8. Suppose -k*y + 5 = -34. What is the tens digit of y?
1
Suppose 0*h = -2*h + 5*q - 16, -2*h = 4*q - 20. Suppose 0 = 3*v + 4*m + 717, -h*v + 3*v + 5*m = -250. What is the units digit of 4/(-10) + v/(-25)?
9
Let d(m) = 43*m + 2. Let x be d(2). Suppose -4*p = 5*t - x, -24 = -5*t - 4. What is the tens digit of p?
1
Suppose -3*b - 1 + 10 = 0. Suppose b*i = -p + 35, -4*p + 5*i + 162 = 6*i. What is the tens digit of p?
4
Suppose 0 = -3*w - 5*r + 172, 7*r - 2*r = 25. What is the tens digit of w?
4
Let t be (12/(-3))/(-1 - 1). Suppose -t*i - 39 = -5*i. What is the units digit of i?
3
Suppose 4*y + 2*f - 90 = 0, -2*y = -3*f - 72 + 7. Let t be 4/(-8) + y/2. Suppose -t = -4*n + w, n + n = -3*w + 6. What is the units digit of n?
3
Suppose a + 0 = 2. Suppose -x - 7 = -j, -5*j + 3*x = a - 27. Suppose -j*q - q + 10 = -n, 5 = -3*n + 4*q. What is the units digit of n?
5
Suppose 10 = -3*p - 5. Let j be ((-4)/(-3))/(p/(-15)). Suppose -4*w - j*o - 4 = 0, -4*w - 4*o = w. What is the units digit of w?
4
Suppose v - 3*p = -2*p - 4, 2*p - 6 = v. Let f = v - -21. What is the tens digit of f?
1
Suppose 0 = 3*n + 2*p - 20, -n + 0*p - 4*p + 10 = 0. Let x = n - 3. Suppose 5*s + x*a - 32 = 0, -4*s - a + 31 = -4*a. What is the units digit of s?
7
Let j(s) = s**3 + 6*s**2 - 8*s - 3. What is the units digit of j(-6)?
5
Let s be 2*(-1)/(-2) - -1. Suppose 3 = s*p - 27. What is the tens digit of p?
1
Suppose 0 = 5*j - j - 1020. What is the tens digit of j?
5
Suppose 6 = -5*v + 1. Let z be (-1 + 2)*v*0. Suppose 0*u - u + 6 = z. What is the units digit of u?
6
Suppose 4*t = 13 + 7. Suppose -3*u - 25 = -t*n, 4*u - 18 = -4*n + 34. Let b = 0 + n. What is the units digit of b?
8
Let n(u) = 8*u**2 - 9*u + 6. Let j be n(6). Suppose -j = -4*v - v. What is the tens digit of v?
4
Suppose -4*h + 66 = -3*j - 3*h, -4*j - 80 = -4*h. Let k = 38 + j. What is the tens digit of k?
1
Let j be (-2)/(-7) - (-48)/28. Suppose 0*m - 2 = -j*m. What is the units digit of (m + (-10)/4)*-6?
9
Let w(c) = c - 1. Let l be w(6). Suppose 0 = 5*h - 5*z + 20, -5 + 25 = -h + l*z. Let n = 9 + h. What is the units digit of n?
9
Let x = 0 - -3. Suppose 0 = -b - 5*c + 8, 0 = x*b - 5*c + c - 5. What is the units digit of b + 3 - (1 - 0)?
5
Let g = 11 + -10. What is the units digit of g?
1
Let k(w) = -6*w. Let t = -1 - -3. Suppose t*x + 3 = -x. What is the units digit of k(x)?
6
Let o(i) = -i**3 + 10*i**2 - 8*i + 10. What is the units digit of o(9)?
9
Let p be 108/10 - 1/(-5). Let j = -9 + p. What i